ue
Let g(m) = -2*m**2 - 26*m - 44. Let y be g(-11). Suppose -12*l + 107892 - 5736 = y. Is l a prime number?
True
Let b be 4*(-6)/24*0. Suppose 10*n + 19*n - 2291 = b. Is n composite?
False
Let o = -34830 + 94369. Is o prime?
True
Let x = -157058 - -255139. Is x a prime number?
True
Let d = 1018 - 919. Suppose d*b = 76*b + 199019. Is b a prime number?
False
Let z(p) = -11*p + 66. Let w be z(6). Suppose w = -i - 5*y + 1633, 3*i + 4*y = 7*i - 6460. Is i prime?
False
Let y(p) = -153*p**2 - p - 3. Let m be y(-2). Let j = 1059 + m. Suppose -7*v = -3243 - j. Is v a prime number?
False
Let p = -25 - -28. Suppose -s - 2 = -k, k - p = 3*s - 7. Suppose k*i + 4*r = 2099, -3*i + 5*i + 2*r - 840 = 0. Is i a prime number?
True
Let z(j) be the first derivative of -103*j**4/4 + j**3/3 + j**2 - 7*j + 68. Let i be 300/(-108) + (-4)/18. Is z(i) composite?
False
Let t(f) = 396*f**3 - 403*f**3 + 21*f - 3 - 2*f**2 + 8*f**2. Is t(-7) a prime number?
False
Let s = -212388 - -311359. Is s a composite number?
True
Let w(k) = -74*k**2 - 30*k - 44. Let p be w(20). Is (p/8)/(5/(-10)) composite?
False
Suppose -9*p + 0*p = -28908. Let y = -1551 + p. Is y composite?
True
Suppose -3*k = -x - 0*x - 1601, -3*x = 4*k - 2139. Let q = k - -3116. Suppose -2*v - 8*v + q = 0. Is v composite?
True
Suppose 2*v + j = -4900, -3*v - 3*j = -4*j + 7350. Let o = v - -4159. Is o prime?
True
Let q(a) = a**3 - 4*a**2 - 2*a + 17. Let c be q(4). Suppose c*t = 25*t - 44768. Is t prime?
False
Let q be 12/(2 - (2 + -4)/(-4)). Suppose 0 = -q*x + 4*x + 14676. Is x a composite number?
True
Suppose 0 = g + 4*b - 15, 2*b + b - 5 = -2*g. Let l(z) = -58*z + 33. Is l(g) a composite number?
True
Suppose 5*k - 396249 = 4*v, -40*k + 37*k + 237779 = 5*v. Is k prime?
False
Is (-3957205)/(-21)*((-224)/(-40) + -5) composite?
False
Suppose 5*h + 116074 + 438965 = 3*k, 5*h = -3*k + 555099. Is k composite?
True
Let a(v) = -1493*v + 761. Is a(-72) a prime number?
False
Suppose 57*g - 512402 = -4*c + 59*g, 0 = -2*c + 3*g + 256207. Is c prime?
True
Let b(c) = -954*c + 225. Let g be b(-24). Suppose 0 = 11*l - g + 5884. Is l composite?
False
Let c = 2354 + 19575. Is c a prime number?
True
Let b(s) = 2692*s**2 + 6*s. Let u be b(1). Let h = u + -1755. Is h prime?
False
Suppose 2*g + 0*c - 12 = 2*c, -3*g - 4*c = -4. Suppose x = g*x - 21. Suppose x*r + 3158 = 13861. Is r a composite number?
True
Let m be (-5*1)/((-2)/2). Suppose -z + 3*z = m*r - 89285, 5*r - 5*z = 89300. Is r a composite number?
True
Suppose 0 = 4*i - 3*s + 106, -5*s = -9*i + 4*i - 130. Let x be (200/14)/((-8)/i). Is -2386*(-5)/(x/5) prime?
True
Is 3/12*-2 + (-3389422)/(-148) a composite number?
False
Suppose -r = -4*f - 6*r + 43389, -3*f + 32528 = r. Is f a composite number?
True
Suppose -12*v + 145 = -7*v. Suppose 5*r - 2181 = -5*t + v, -5*r = -t - 2234. Suppose 2*g + 2*q - 426 = -2*g, 0 = 4*g - 2*q - r. Is g a composite number?
False
Let g(s) = 3*s - 5. Let p be g(4). Suppose 16 = m + p*m. Suppose -4242 = -m*i - 4*i. Is i composite?
True
Let v(t) = t**3 + 3*t**2 + 6*t + 4. Let k be v(-4). Let r(u) = 29*u**3 - 4*u**2 + 13*u - 4. Let n be r(3). Let i = k + n. Is i a prime number?
False
Let c = 115 - 112. Suppose -10215 = -5*p - m + 6*m, 4*m - 6157 = -c*p. Is p prime?
False
Let v be ((-6)/(-18))/(8/48). Suppose v*f - 3359 = -2*q + q, 0 = -4*f. Is q a composite number?
False
Let i(s) = 549961*s**2 - 58*s - 58. Is i(-1) a prime number?
False
Let r = 37380 - 16721. Is r a composite number?
True
Suppose -z + 3*w + 290 = 0, -2*z = -w - 366 - 229. Let i = z + -140. Is i a prime number?
False
Let c be 104037/(-7) + -2 + 15/35. Let z = 20845 + c. Is z a prime number?
True
Let u(c) = 1472*c**2 - 61*c + 115. Is u(4) prime?
False
Let s(n) = n**3 - 4*n**2 + 6*n - 2. Let r be s(2). Suppose f = r*f + 3*f. Suppose f = 7*i - 2*i - 955. Is i composite?
False
Suppose 27*g - 1660853 = 11*g - 7*g. Is g a composite number?
False
Suppose 5*a - f - 25 = 2*f, -9 = -2*a + f. Suppose -13*u + 16*u = 4*y + 5846, -3*u + a*y = -5836. Is u a prime number?
False
Let p = -235004 - -395139. Is p composite?
True
Let p(i) be the second derivative of -37*i**4/3 + 7*i**3/6 + i**2 + 24*i. Let s be p(-3). Let o = s - -2988. Is o composite?
False
Let k(d) = d**3 + 55*d**2 - 45*d - 154. Suppose -26*y = -7*y + 703. Is k(y) a composite number?
False
Let v = -4 + 47. Suppose -v*w + 46*w - 396 = 0. Let z = 153 - w. Is z prime?
False
Let z(v) = 162*v**2 + 2*v + 5. Let l(a) be the first derivative of a**3/3 - a**2/2 + 46. Let o(m) = 4*l(m) + z(m). Is o(4) a composite number?
True
Let c = 412 + -416. Is ((-6)/c)/((-102)/(-4216)) prime?
False
Suppose -36*v + 39*v = 12. Is (-6 + v - -4) + 2951 a composite number?
False
Let v(h) = 40*h**2 + 1 + 0 + 6*h - h. Let m be v(-5). Suppose -9*k + 5333 = -m. Is k a composite number?
False
Let c be (-54009 - (-3 + 1))/1. Let n = c - -32227. Is 3/(-4) - n/48 a prime number?
False
Suppose -a + 30 = 4*a - 4*b, 0 = a - 5*b - 27. Suppose 5*s = -c - 2506, 0*c - 3*c = -a*s - 999. Let m = s - -2918. Is m prime?
True
Let u = 12 - -20. Let d = 53 - u. Suppose d*c - 19*c - 6542 = 0. Is c composite?
False
Suppose -2*s + 215041 = -165*y + 164*y, 0 = 8*y + 24. Is s composite?
True
Let s be (-2)/2 + 2 - -22. Suppose -2*h = 2*g + 10, 4*h + 4*g = -g - s. Is 216 - (3 - 6 - h) composite?
True
Let q(s) = -25*s**3 + 5*s**2 - 20*s - 7. Let z be q(-6). Let f = 20 + z. Is f prime?
False
Suppose -345 = 7*o - 387. Suppose o*b = 16*b - 82510. Is b a composite number?
True
Let d(v) = -58 - 8*v + 4 + 7*v + 13*v. Let r be d(13). Suppose -105*z = -r*z - 1335. Is z a composite number?
True
Let r = -1877877 - -2672842. Is r a composite number?
True
Let y(p) = -44*p**3 + 2*p - 1. Let k be y(1). Let n = 12 - k. Is ((-113)/(-3))/((n/(-30))/(-11)) a prime number?
False
Let f be 4/4 - -2 - 138. Is 15/f + 494060/45 a prime number?
True
Suppose -1222562 = -100*w + 2162538. Is w prime?
True
Let o = 48342 + 70976. Is o a prime number?
False
Let w(h) be the third derivative of h**5/30 + h**4/24 + 5*h**3/6 - h**2. Let o be w(0). Suppose -4264 = -o*z + 3091. Is z prime?
True
Suppose 14*a = 1051095 - 100579. Let k = a + -32923. Is k a composite number?
True
Suppose 23 - 3 = -5*g. Let d be g/(-2) + -6 + -270. Let a = -153 - d. Is a a composite number?
True
Suppose -a = 3*y - 32, y + 2*a = 6*a + 28. Let r = 2048 - 1606. Is (r/3)/(y/18) a composite number?
True
Suppose -6*o - 27090 = -12*o. Suppose 5*j + 5*t = o, 2*t + 2495 = 5*j - 2006. Suppose -171*u + 170*u = -j. Is u composite?
True
Is (-1300)/80 + 17 + (-1609522)/(-8) prime?
False
Let b = 40586 + -9219. Is b composite?
True
Let l(s) = 5*s**3 + 4*s**2 + 17*s - 18. Let j(f) = -2*f**3 - f**2 - 6*f + 6. Let t(i) = -11*j(i) - 4*l(i). Let d be t(5). Let w = d - -6. Is w composite?
False
Suppose 73063 = 3*r - 5*u, -2*r - 15*u = -14*u - 48726. Is r composite?
True
Let b = 6396 + -3031. Let o = 11266 - b. Is o a prime number?
True
Is ((-941704)/(-36))/((-76)/(-342)) composite?
True
Let i be (3 - ((1838 - 3) + 5))*1. Let j(p) = -1496*p - 4. Let k be j(-2). Let f = i + k. Is f composite?
False
Let h(p) = 195035*p**2 - 52*p - 64. Is h(-1) composite?
False
Is (4818/9 - 4)*(-30)/(-4) a prime number?
False
Let z(r) = 4*r + 4. Let x be z(0). Suppose 0 = -x*b - b + 30. Suppose -2*j + 1648 = 4*k - b*j, 4*k - 2*j = 1658. Is k a composite number?
True
Let m(g) = -60*g - 47. Let v be m(-1). Suppose -v*x + 17296 = 3*x. Is x composite?
True
Let f(t) = 200*t - 147. Suppose 58 = 37*a - 90. Is f(a) a prime number?
True
Let j = 26 - 21. Suppose 0 = -j*h + 724 + 946. Suppose -5*t + h = -391. Is t prime?
False
Let o(b) = -52*b + 828. Let y be o(16). Suppose -4*s + 4 = 3*q, -9 = -4*s - 4*q - 1. Is y/24*-6230 + s/(-3) a prime number?
True
Let i be (((-36)/15)/3)/(10/(-150)). Suppose 14 = i*c - 58. Suppose 3*u + c = 0, 5*d - u = u + 6009. Is d prime?
True
Is (-1 - (-88106)/8)/((-9)/(-12)) prime?
True
Is 6/(1 + 0) - (375 - 5726) a composite number?
True
Let d = 1544 - -3972. Suppose -3*c + 4*r + 5565 = -d, 7372 = 2*c + 5*r. Is c a prime number?
True
Let j be (-6)/21 - (-1309)/(-49). Let z(a) = -a**3 - 18*a**2 - 58*a - 46. Is z(j) prime?
True
Let j = 19491 + 4996. Is j a composite number?
True
Let m be 54/14 - 4/(-28). Let x(i) = 17*i**3 - i**2 - 4*i + 6. Let q be x(m). Let b = -571 + q. Is b 